{"id":1581,"date":"2021-09-30T08:59:20","date_gmt":"2021-09-30T08:59:20","guid":{"rendered":"https:\/\/cafemacondo.es\/?page_id=1581"},"modified":"2021-11-30T18:31:00","modified_gmt":"2021-11-30T18:31:00","slug":"proyecto","status":"publish","type":"page","link":"https:\/\/cafemacondo.es\/index.php\/proyecto\/","title":{"rendered":"PROYECTO"},"content":{"rendered":"\t\t<div data-elementor-type=\"wp-page\" data-elementor-id=\"1581\" class=\"elementor elementor-1581\">\n\t\t\t\t\t\t<div class=\"elementor-section elementor-top-section elementor-element elementor-element-53ad4a68 elementor-section-boxed elementor-section-height-default elementor-section-height-default\" data-id=\"53ad4a68\" data-element_type=\"section\" data-settings=\"{&quot;background_background&quot;:&quot;classic&quot;}\">\n\t\t\t\t\t\t\t<div class=\"elementor-background-overlay\"><\/div>\n\t\t\t\t\t\t\t<div class=\"elementor-container elementor-column-gap-no\">\n\t\t\t\t\t<div class=\"elementor-column elementor-col-100 elementor-top-column elementor-element elementor-element-fe2f520\" data-id=\"fe2f520\" data-element_type=\"column\">\n\t\t\t<div class=\"elementor-widget-wrap elementor-element-populated\">\n\t\t\t\t\t\t<div class=\"elementor-element elementor-element-f3c361d elementor-widget elementor-widget-heading\" data-id=\"f3c361d\" data-element_type=\"widget\" data-widget_type=\"heading.default\">\n\t\t\t\t<div class=\"elementor-widget-container\">\n\t\t\t\t\t<h1 class=\"elementor-heading-title elementor-size-default\">PROYECTO<\/h1>\t\t\t\t<\/div>\n\t\t\t\t<\/div>\n\t\t\t\t\t<\/div>\n\t\t<\/div>\n\t\t\t\t\t<\/div>\n\t\t<\/div>\n\t\t\t\t<section class=\"elementor-section elementor-top-section elementor-element elementor-element-1f94579 elementor-section-boxed elementor-section-height-default elementor-section-height-default\" data-id=\"1f94579\" data-element_type=\"section\">\n\t\t\t\t\t\t<div class=\"elementor-container elementor-column-gap-default\">\n\t\t\t\t\t<div class=\"elementor-column elementor-col-100 elementor-top-column elementor-element elementor-element-4f5570e\" data-id=\"4f5570e\" data-element_type=\"column\">\n\t\t\t<div class=\"elementor-widget-wrap elementor-element-populated\">\n\t\t\t\t\t\t<div class=\"elementor-element elementor-element-0815b0d elementor-widget elementor-widget-heading\" data-id=\"0815b0d\" data-element_type=\"widget\" data-widget_type=\"heading.default\">\n\t\t\t\t<div class=\"elementor-widget-container\">\n\t\t\t\t\t<h4 class=\"elementor-heading-title elementor-size-default\"><br>Igual que en la mente de Garc\u00eda M\u00e1rquez, Macondo s\u00f3lo era una ilusi\u00f3n.<br><br>Pese a ser un a\u00f1o ca\u00f3tico derivado de esta crisis global miramos al futuro con ilusi\u00f3n y esperanza.<br>Macondo es una cafeter\u00eda saludable, en un entorno sano y respetuoso con el medio ambiente. <br><br>Queremos aportar nuestro granito de arena al bienestar de las personas, ya sea con el producto que ofrecemos, el entorno que creamos, y por supuesto con nuestra peque\u00f1a contribuci\u00f3n en la creaci\u00f3n de talleres para mujeres en situaci\u00f3n vulnerable.<br><\/h4>\t\t\t\t<\/div>\n\t\t\t\t<\/div>\n\t\t\t\t\t<\/div>\n\t\t<\/div>\n\t\t\t\t\t<\/div>\n\t\t<\/section>\n\t\t\t\t<section class=\"elementor-section elementor-top-section elementor-element elementor-element-378bbdca elementor-section-boxed elementor-section-height-default elementor-section-height-default\" data-id=\"378bbdca\" data-element_type=\"section\" data-settings=\"{&quot;background_background&quot;:&quot;classic&quot;}\">\n\t\t\t\t\t\t\t<div class=\"elementor-background-overlay\"><\/div>\n\t\t\t\t\t\t\t<div class=\"elementor-container elementor-column-gap-default\">\n\t\t\t\t\t<div class=\"elementor-column elementor-col-100 elementor-top-column elementor-element elementor-element-79c2e0c3\" data-id=\"79c2e0c3\" data-element_type=\"column\">\n\t\t\t<div class=\"elementor-widget-wrap\">\n\t\t\t\t\t\t\t<\/div>\n\t\t<\/div>\n\t\t\t\t\t<\/div>\n\t\t<\/section>\n\t\t\t\t<\/div>\n\t\t","protected":false},"excerpt":{"rendered":"<p>PROYECTO Igual que en la mente de Garc\u00eda M\u00e1rquez, Macondo s\u00f3lo era una ilusi\u00f3n. Pese a ser un a\u00f1o ca\u00f3tico derivado de esta crisis global miramos al futuro con ilusi\u00f3n y esperanza.Macondo es una cafeter\u00eda saludable, en un entorno sano y respetuoso con el medio ambiente. Queremos aportar nuestro granito de arena al bienestar de &hellip;<\/p>\n<p class=\"read-more\"> <a class=\"\" href=\"https:\/\/cafemacondo.es\/index.php\/proyecto\/\"> <span class=\"screen-reader-text\">PROYECTO<\/span> Leer m\u00e1s &raquo;<\/a><\/p>\n","protected":false},"author":1,"featured_media":0,"parent":0,"menu_order":0,"comment_status":"closed","ping_status":"closed","template":"","meta":{"site-sidebar-layout":"no-sidebar","site-content-layout":"page-builder","ast-site-content-layout":"","site-content-style":"default","site-sidebar-style":"default","ast-global-header-display":"","ast-banner-title-visibility":"","ast-main-header-display":"","ast-hfb-above-header-display":"","ast-hfb-below-header-display":"","ast-hfb-mobile-header-display":"","site-post-title":"disabled","ast-breadcrumbs-content":"","ast-featured-img":"disabled","footer-sml-layout":"","theme-transparent-header-meta":"default","adv-header-id-meta":"","stick-header-meta":"","header-above-stick-meta":"","header-main-stick-meta":"","header-below-stick-meta":"","astra-migrate-meta-layouts":"","footnotes":""},"class_list":["post-1581","page","type-page","status-publish","hentry"],"yoast_head":"<!-- This site is optimized with the Yoast SEO plugin v26.7 - https:\/\/yoast.com\/wordpress\/plugins\/seo\/ -->\n<title>PROYECTO - CAF\u00c9 MACONDO<\/title>\n<meta name=\"description\" content=\"Caf\u00e9 Macondo Mallorca, Ecofriendly, sostenible, huerto urbano, saludable, productos locales, comida casera, impacto medioambiental\" \/>\n<meta name=\"robots\" content=\"index, follow, max-snippet:-1, max-image-preview:large, max-video-preview:-1\" \/>\n<link rel=\"canonical\" href=\"https:\/\/cafemacondo.es\/index.php\/proyecto\/\" \/>\n<meta property=\"og:locale\" content=\"es_ES\" \/>\n<meta property=\"og:type\" content=\"article\" \/>\n<meta property=\"og:title\" content=\"PROYECTO - CAF\u00c9 MACONDO\" \/>\n<meta property=\"og:description\" content=\"Caf\u00e9 Macondo Mallorca, Ecofriendly, sostenible, huerto urbano, saludable, productos locales, comida casera, impacto medioambiental\" \/>\n<meta property=\"og:url\" content=\"https:\/\/cafemacondo.es\/index.php\/proyecto\/\" \/>\n<meta property=\"og:site_name\" content=\"CAF\u00c9 MACONDO\" \/>\n<meta property=\"article:modified_time\" content=\"2021-11-30T18:31:00+00:00\" \/>\n<meta name=\"twitter:card\" content=\"summary_large_image\" \/>\n<meta name=\"twitter:label1\" content=\"Tiempo de lectura\" \/>\n\t<meta name=\"twitter:data1\" content=\"1 minuto\" \/>\n<script type=\"application\/ld+json\" class=\"yoast-schema-graph\">{\"@context\":\"https:\/\/schema.org\",\"@graph\":[{\"@type\":\"WebPage\",\"@id\":\"https:\/\/cafemacondo.es\/index.php\/proyecto\/\",\"url\":\"https:\/\/cafemacondo.es\/index.php\/proyecto\/\",\"name\":\"PROYECTO - CAF\u00c9 MACONDO\",\"isPartOf\":{\"@id\":\"https:\/\/cafemacondo.es\/#website\"},\"datePublished\":\"2021-09-30T08:59:20+00:00\",\"dateModified\":\"2021-11-30T18:31:00+00:00\",\"description\":\"Caf\u00e9 Macondo Mallorca, Ecofriendly, sostenible, huerto urbano, saludable, productos locales, comida casera, impacto medioambiental\",\"breadcrumb\":{\"@id\":\"https:\/\/cafemacondo.es\/index.php\/proyecto\/#breadcrumb\"},\"inLanguage\":\"es\",\"potentialAction\":[{\"@type\":\"ReadAction\",\"target\":[\"https:\/\/cafemacondo.es\/index.php\/proyecto\/\"]}]},{\"@type\":\"BreadcrumbList\",\"@id\":\"https:\/\/cafemacondo.es\/index.php\/proyecto\/#breadcrumb\",\"itemListElement\":[{\"@type\":\"ListItem\",\"position\":1,\"name\":\"Portada\",\"item\":\"https:\/\/cafemacondo.es\/\"},{\"@type\":\"ListItem\",\"position\":2,\"name\":\"PROYECTO\"}]},{\"@type\":\"WebSite\",\"@id\":\"https:\/\/cafemacondo.es\/#website\",\"url\":\"https:\/\/cafemacondo.es\/\",\"name\":\"CAF\u00c9 MACONDO\",\"description\":\"\",\"potentialAction\":[{\"@type\":\"SearchAction\",\"target\":{\"@type\":\"EntryPoint\",\"urlTemplate\":\"https:\/\/cafemacondo.es\/?s={search_term_string}\"},\"query-input\":{\"@type\":\"PropertyValueSpecification\",\"valueRequired\":true,\"valueName\":\"search_term_string\"}}],\"inLanguage\":\"es\"}]}<\/script>\n<!-- \/ Yoast SEO plugin. -->","yoast_head_json":{"title":"PROYECTO - CAF\u00c9 MACONDO","description":"Caf\u00e9 Macondo Mallorca, Ecofriendly, sostenible, huerto urbano, saludable, productos locales, comida casera, impacto medioambiental","robots":{"index":"index","follow":"follow","max-snippet":"max-snippet:-1","max-image-preview":"max-image-preview:large","max-video-preview":"max-video-preview:-1"},"canonical":"https:\/\/cafemacondo.es\/index.php\/proyecto\/","og_locale":"es_ES","og_type":"article","og_title":"PROYECTO - CAF\u00c9 MACONDO","og_description":"Caf\u00e9 Macondo Mallorca, Ecofriendly, sostenible, huerto urbano, saludable, productos locales, comida casera, impacto medioambiental","og_url":"https:\/\/cafemacondo.es\/index.php\/proyecto\/","og_site_name":"CAF\u00c9 MACONDO","article_modified_time":"2021-11-30T18:31:00+00:00","twitter_card":"summary_large_image","twitter_misc":{"Tiempo de lectura":"1 minuto"},"schema":{"@context":"https:\/\/schema.org","@graph":[{"@type":"WebPage","@id":"https:\/\/cafemacondo.es\/index.php\/proyecto\/","url":"https:\/\/cafemacondo.es\/index.php\/proyecto\/","name":"PROYECTO - CAF\u00c9 MACONDO","isPartOf":{"@id":"https:\/\/cafemacondo.es\/#website"},"datePublished":"2021-09-30T08:59:20+00:00","dateModified":"2021-11-30T18:31:00+00:00","description":"Caf\u00e9 Macondo Mallorca, Ecofriendly, sostenible, huerto urbano, saludable, productos locales, comida casera, impacto medioambiental","breadcrumb":{"@id":"https:\/\/cafemacondo.es\/index.php\/proyecto\/#breadcrumb"},"inLanguage":"es","potentialAction":[{"@type":"ReadAction","target":["https:\/\/cafemacondo.es\/index.php\/proyecto\/"]}]},{"@type":"BreadcrumbList","@id":"https:\/\/cafemacondo.es\/index.php\/proyecto\/#breadcrumb","itemListElement":[{"@type":"ListItem","position":1,"name":"Portada","item":"https:\/\/cafemacondo.es\/"},{"@type":"ListItem","position":2,"name":"PROYECTO"}]},{"@type":"WebSite","@id":"https:\/\/cafemacondo.es\/#website","url":"https:\/\/cafemacondo.es\/","name":"CAF\u00c9 MACONDO","description":"","potentialAction":[{"@type":"SearchAction","target":{"@type":"EntryPoint","urlTemplate":"https:\/\/cafemacondo.es\/?s={search_term_string}"},"query-input":{"@type":"PropertyValueSpecification","valueRequired":true,"valueName":"search_term_string"}}],"inLanguage":"es"}]}},"jetpack_sharing_enabled":true,"_links":{"self":[{"href":"https:\/\/cafemacondo.es\/index.php\/wp-json\/wp\/v2\/pages\/1581","targetHints":{"allow":["GET"]}}],"collection":[{"href":"https:\/\/cafemacondo.es\/index.php\/wp-json\/wp\/v2\/pages"}],"about":[{"href":"https:\/\/cafemacondo.es\/index.php\/wp-json\/wp\/v2\/types\/page"}],"author":[{"embeddable":true,"href":"https:\/\/cafemacondo.es\/index.php\/wp-json\/wp\/v2\/users\/1"}],"replies":[{"embeddable":true,"href":"https:\/\/cafemacondo.es\/index.php\/wp-json\/wp\/v2\/comments?post=1581"}],"version-history":[{"count":23,"href":"https:\/\/cafemacondo.es\/index.php\/wp-json\/wp\/v2\/pages\/1581\/revisions"}],"predecessor-version":[{"id":1791,"href":"https:\/\/cafemacondo.es\/index.php\/wp-json\/wp\/v2\/pages\/1581\/revisions\/1791"}],"wp:attachment":[{"href":"https:\/\/cafemacondo.es\/index.php\/wp-json\/wp\/v2\/media?parent=1581"}],"curies":[{"name":"wp","href":"https:\/\/api.w.org\/{rel}","templated":true}]}}